{"id":13,"date":"2024-08-01T13:25:50","date_gmt":"2024-08-01T13:25:50","guid":{"rendered":"https:\/\/m.cainguasdigital.com.ar\/autogestion\/?page_id=13"},"modified":"2024-08-05T13:40:04","modified_gmt":"2024-08-05T13:40:04","slug":"formulario-de-inscripcion-actualizacion-factura-digital","status":"publish","type":"page","link":"https:\/\/m.cainguasdigital.com.ar\/autogestion\/","title":{"rendered":"Formulario de Inscripci\u00f3n (Actualizaci\u00f3n) Factura Digital"},"content":{"rendered":"\t\t<div data-elementor-type=\"wp-page\" data-elementor-id=\"13\" class=\"elementor elementor-13\" data-elementor-post-type=\"page\">\n\t\t\t\t<div class=\"elementor-element elementor-element-1f5553b e-flex e-con-boxed e-con e-parent\" data-id=\"1f5553b\" data-element_type=\"container\">\n\t\t\t\t\t<div class=\"e-con-inner\">\n\t\t\t\t<div class=\"elementor-element elementor-element-cb48858 elementor-widget elementor-widget-heading\" data-id=\"cb48858\" data-element_type=\"widget\" data-widget_type=\"heading.default\">\n\t\t\t\t<div class=\"elementor-widget-container\">\n\t\t\t<style>\/*! elementor - v3.23.0 - 05-08-2024 *\/\n.elementor-heading-title{padding:0;margin:0;line-height:1}.elementor-widget-heading .elementor-heading-title[class*=elementor-size-]>a{color:inherit;font-size:inherit;line-height:inherit}.elementor-widget-heading .elementor-heading-title.elementor-size-small{font-size:15px}.elementor-widget-heading .elementor-heading-title.elementor-size-medium{font-size:19px}.elementor-widget-heading .elementor-heading-title.elementor-size-large{font-size:29px}.elementor-widget-heading .elementor-heading-title.elementor-size-xl{font-size:39px}.elementor-widget-heading .elementor-heading-title.elementor-size-xxl{font-size:59px}<\/style><p class=\"elementor-heading-title elementor-size-default\">Por favor, recuerde que para completar o actualizar los datos en este formulario, es necesario tener la factura de su servicio a mano.<\/p>\t\t<\/div>\n\t\t\t\t<\/div>\n\t\t\t\t\t<\/div>\n\t\t\t\t<\/div>\n\t\t<div class=\"elementor-element elementor-element-3fd6d4fc e-flex e-con-boxed e-con e-parent\" data-id=\"3fd6d4fc\" data-element_type=\"container\">\n\t\t\t\t\t<div class=\"e-con-inner\">\n\t\t\t\t<div class=\"elementor-element elementor-element-772ac966 elementor-widget elementor-widget-text-editor\" data-id=\"772ac966\" data-element_type=\"widget\" data-widget_type=\"text-editor.default\">\n\t\t\t\t<div class=\"elementor-widget-container\">\n\t\t\t<style>\/*! elementor - v3.23.0 - 05-08-2024 *\/\n.elementor-widget-text-editor.elementor-drop-cap-view-stacked .elementor-drop-cap{background-color:#69727d;color:#fff}.elementor-widget-text-editor.elementor-drop-cap-view-framed .elementor-drop-cap{color:#69727d;border:3px solid;background-color:transparent}.elementor-widget-text-editor:not(.elementor-drop-cap-view-default) .elementor-drop-cap{margin-top:8px}.elementor-widget-text-editor:not(.elementor-drop-cap-view-default) .elementor-drop-cap-letter{width:1em;height:1em}.elementor-widget-text-editor .elementor-drop-cap{float:left;text-align:center;line-height:1;font-size:50px}.elementor-widget-text-editor .elementor-drop-cap-letter{display:inline-block}<\/style>\t\t\t\t<!-- wp:group {\"metadata\":{\"name\":\"Testimonios\"},\"align\":\"full\",\"style\":{\"spacing\":{\"padding\":{\"top\":\"var:preset|spacing|60\",\"bottom\":\"var:preset|spacing|60\",\"left\":\"var:preset|spacing|60\",\"right\":\"var:preset|spacing|60\"},\"margin\":{\"top\":\"0\",\"bottom\":\"0\"}}},\"backgroundColor\":\"contrast\",\"textColor\":\"base\",\"layout\":{\"type\":\"constrained\",\"contentSize\":\"\"}} -->\n<div class=\"wp-block-group alignfull has-base-color has-contrast-background-color has-text-color has-background\" style=\"margin-top:0;margin-bottom:0;padding-top:var(--wp--preset--spacing--60);padding-right:var(--wp--preset--spacing--60);padding-bottom:var(--wp--preset--spacing--60);padding-left:var(--wp--preset--spacing--60)\"><!-- wp:formidable\/simple-form {\"formId\":\"2\",\"title\":\"1\"} -->\n<div><div class=\"frm_forms  with_frm_style frm_style_modern-dark-background\" id=\"frm_form_2_container\" data-token=\"e9e628b860ed554e8eb102b91e736f4f\" data-token=\"e9e628b860ed554e8eb102b91e736f4f\">\n<form enctype=\"multipart\/form-data\" method=\"post\" class=\"frm-show-form  frm_js_validate  frm_ajax_submit  frm_pro_form \" id=\"form_actualizacion-de-datos\"  data-token=\"e9e628b860ed554e8eb102b91e736f4f\" data-token=\"e9e628b860ed554e8eb102b91e736f4f\">\n<div class=\"frm_form_fields \">\n<fieldset>\n<legend class=\"frm_screen_reader\">Actualizaci\u00f3n de Datos<\/legend>\r\n<h3 class=\"frm_form_title\">Actualizaci\u00f3n de Datos<\/h3>\r\n<div class=\"frm_fields_container\">\n<input type=\"hidden\" name=\"frm_action\" value=\"create\" \/>\n<input type=\"hidden\" name=\"form_id\" value=\"2\" \/>\n<input type=\"hidden\" name=\"frm_hide_fields_2\" id=\"frm_hide_fields_2\" value=\"\" \/>\n<input type=\"hidden\" name=\"form_key\" value=\"actualizacion-de-datos\" \/>\n<input type=\"hidden\" name=\"item_meta[0]\" value=\"\" \/>\n<input type=\"hidden\" id=\"frm_submit_entry_2\" name=\"frm_submit_entry_2\" value=\"6273c4f8ee\" \/><input type=\"hidden\" name=\"_wp_http_referer\" value=\"\/autogestion\/wp-json\/wp\/v2\/pages\/13\" \/><div id=\"frm_field_24_container\" class=\"frm_form_field form-field  frm_top_container frm12 frm_first\">\r\n\t<div  id=\"field_cqh9x_label\" class=\"frm_primary_label\">Nombre\r\n\t\t<span class=\"frm_required\" aria-hidden=\"true\"><\/span>\r\n\t<\/div>\r\n\t<fieldset aria-labelledby=\"field_cqh9x_label\">\n\t<legend class=\"frm_screen_reader frm_hidden\">\n\t\tNombre\t<\/legend>\n\n\t<div  class=\"frm_combo_inputs_container\" id=\"frm_combo_inputs_container_24\" data-name-layout=\"first_last\">\n\t\t\t\t\t<div\n\t\t\t\tid=\"frm_field_24-first_container\"\n\t\t\t\tclass=\"frm_form_field form-field frm_form_subfield-first  frm6\"\n\t\t\t\tdata-sub-field-name=\"first\"\n\t\t\t>\n\t\t\t\t<label for=\"field_cqh9x_first\" class=\"frm_screen_reader frm_hidden\">\n\t\t\t\t\tNombre\t\t\t\t<\/label>\n\n\t\t\t\t\t\t\t\t\t\t<input\n\t\t\t\t\t\t\ttype=\"text\"\n\t\t\t\t\t\t\tid=\"field_cqh9x_first\"\n\t\t\t\t\t\t\tvalue=\"\"\n\t\t\t\t\t\t\tname=\"item_meta[24][first]\"  data-invmsg=\"Nombre no es v\u00e1lido\" aria-invalid=\"false\"  \t\t\t\t\t\t\/>\n\t\t\t\t\t\t<div class=\"frm_description\" id=\"frm_field_24_first_desc\">Nombre<\/div>\t\t\t<\/div>\n\t\t\t\t\t\t<div\n\t\t\t\tid=\"frm_field_24-last_container\"\n\t\t\t\tclass=\"frm_form_field form-field frm_form_subfield-last  frm6\"\n\t\t\t\tdata-sub-field-name=\"last\"\n\t\t\t>\n\t\t\t\t<label for=\"field_cqh9x_last\" class=\"frm_screen_reader frm_hidden\">\n\t\t\t\t\tApellidos\t\t\t\t<\/label>\n\n\t\t\t\t\t\t\t\t\t\t<input\n\t\t\t\t\t\t\ttype=\"text\"\n\t\t\t\t\t\t\tid=\"field_cqh9x_last\"\n\t\t\t\t\t\t\tvalue=\"\"\n\t\t\t\t\t\t\tname=\"item_meta[24][last]\"  data-invmsg=\"Nombre no es v\u00e1lido\" aria-invalid=\"false\"  \t\t\t\t\t\t\/>\n\t\t\t\t\t\t<div class=\"frm_description\" id=\"frm_field_24_last_desc\">Apellidos<\/div>\t\t\t<\/div>\n\t\t\t\t<\/div>\n<\/fieldset>\n\r\n\t\r\n\t\r\n<\/div>\n<div id=\"frm_field_8_container\" class=\"frm_form_field form-field  frm_required_field frm_top_container frm4 frm_first\">\r\n    <label for=\"field_10ndt\" id=\"field_10ndt_label\" class=\"frm_primary_label\">\r\n        N\u00famero de Conexi\u00f3n\r\n        <span class=\"frm_required\" aria-hidden=\"true\">*<\/span>\r\n        <span class=\"question-icon\" id=\"question_icon_10ndt\">?<\/span>\r\n    <\/label>\r\n    <input type=\"text\" id=\"field_10ndt\" name=\"item_meta[8]\" value=\"\"  data-reqmsg=\"N\u00famero de Conexi\u00f3n no puede estar en blanco.\" aria-required=\"true\" data-invmsg=\"N\u00famero de Conexi\u00f3n no es v\u00e1lido\" aria-invalid=\"false\"   aria-describedby=\"frm_desc_field_10ndt\"\/>\r\n    <div class=\"frm_description\" id=\"frm_desc_field_10ndt\">Ejemplo: 00013\/0001<\/div>\r\n    \r\n<\/div>\r\n\r\n<!-- Popup -->\r\n<div class=\"popup\" id=\"popup_10ndt\">\r\n    <span class=\"popup-close\" id=\"popup_close_10ndt\">&times;<\/span>\r\n    <img decoding=\"async\" src=\"https:\/\/cainguasdigital.com.ar\/m\/autogestion\/wp-content\/uploads\/2024\/08\/imgnumsocio.jpg\" alt=\"N\u00famero de Conexi\u00f3n .... cargando imagen!\">\r\n<\/div>\n<div id=\"frm_field_10_container\" class=\"frm_form_field form-field  frm_required_field frm_top_container frm4\">\r\n    <label for=\"field_y7xn5\" id=\"field_y7xn5_label\" class=\"frm_primary_label\">\r\n        DNI\r\n        <span class=\"frm_required\" aria-hidden=\"true\">*<\/span>\r\n        <span class=\"question-icon\" id=\"question_icon_y7xn5\">?<\/span> <!-- \u00cdcono de pregunta -->\r\n    <\/label>\r\n    <input type=\"text\" id=\"field_y7xn5\" name=\"item_meta[10]\" value=\"\"  maxlength=\"8\" data-reqmsg=\"DNI no puede estar en blanco.\" aria-required=\"true\" data-invmsg=\"DNI no es v\u00e1lido\" data-error-html=\"%0D%0A++++%3Cdiv+class%3D%22frm_error%22+role%3D%22alert%22+id%3D%22frm_error_field_%5Bkey%5D%22%3E%5Berror%5D%3C%2Fdiv%3E%0D%0A++++\" aria-invalid=\"false\"   aria-describedby=\"frm_desc_field_y7xn5\"\/>\r\n    \r\n    <div class=\"frm_description\" id=\"frm_desc_field_y7xn5\">Ejemplo: 12345678<\/div>\r\n    \r\n    \r\n<\/div>\r\n\r\n<!-- Popup -->\r\n<div class=\"popup\" id=\"popup_y7xn5\">\r\n    <span class=\"popup-close\" id=\"popup_close_y7xn5\">&times;<\/span>\r\n    <img decoding=\"async\" src=\"https:\/\/cainguasdigital.com.ar\/m\/autogestion\/wp-content\/uploads\/2024\/08\/imgnumsociodni.jpg\" alt=\"N\u00famero de DNI .... cargando imagen!\">\r\n<\/div>\r\n\r\n\n<div id=\"frm_field_12_container\" class=\"frm_form_field form-field  frm_top_container frm4\">\r\n\t<label for=\"field_gd77k\" id=\"field_gd77k_label\" class=\"frm_primary_label\">CUIT \/ CUIL\r\n\t\t<span class=\"frm_required\" aria-hidden=\"true\"><\/span>\r\n\t<\/label>\r\n\t<input type=\"text\" id=\"field_gd77k\" name=\"item_meta[12]\" value=\"\"  maxlength=\"11\" data-invmsg=\"CUIT \/ CUIL no es v\u00e1lido\" aria-invalid=\"false\"   aria-describedby=\"frm_desc_field_gd77k\"\/>\r\n\t<div class=\"frm_description\" id=\"frm_desc_field_gd77k\">Ejemplo: 20123456781<\/div>\r\n\t\r\n<\/div>\n<div id=\"frm_field_26_container\" class=\"frm_form_field form-field  frm_top_container frm6 frm_first\">\r\n\t<label for=\"field_vvcc8\" id=\"field_vvcc8_label\" class=\"frm_primary_label\">Direcci\u00f3n del Servicio\r\n\t\t<span class=\"frm_required\" aria-hidden=\"true\"><\/span>\r\n\t<\/label>\r\n\t<input type=\"text\" id=\"field_vvcc8\" name=\"item_meta[26]\" value=\"\"  data-invmsg=\"Direcci\u00f3n del Servicio no es v\u00e1lido\" aria-invalid=\"false\"   aria-describedby=\"frm_desc_field_vvcc8\"\/>\r\n\t<div class=\"frm_description\" id=\"frm_desc_field_vvcc8\">Describa la Calle\/Picada\/Barrio y N\u00famero si lo tiene. Ejemplo: Av. de las Am\u00e9ricas 567<\/div>\r\n\t\r\n<\/div>\n<div id=\"frm_field_28_container\" class=\"frm_form_field form-field  frm_top_container frm6 frm_other_container\">\r\n\t<label for=\"field_ditok\" id=\"field_ditok_label\" class=\"frm_primary_label\">Localidad\r\n\t\t<span class=\"frm_required\" aria-hidden=\"true\"><\/span>\r\n\t<\/label>\r\n\t\t\t<select name=\"item_meta[28]\" id=\"field_ditok\"  data-frmval=\"Arist\u00f3bulo del Valle\" data-invmsg=\"Localidad no es v\u00e1lido\" aria-invalid=\"false\"  >\n\t\t<option  value=\"Arist\u00f3bulo del Valle\" selected='selected'>Arist\u00f3bulo del Valle<\/option><option  value=\"Salto Encantado\">Salto Encantado<\/option><option  value=\"Otro\" class=\"frm_other_trigger\">Otro<\/option>\t<\/select>\n\t<label for=\"field_ditok-otext\" class=\"frm_screen_reader frm_hidden\">Localidad<\/label><input type=\"text\" id=\"field_ditok-otext\" class=\"frm_other_input frm_pos_none\"  name=\"item_meta[other][28]\" value=\"\" \/>\r\n\t\r\n\t\r\n<\/div>\n<div id=\"frm_field_11_container\" class=\"frm_form_field form-field  frm_required_field frm_top_container frm6 frm_first\">\r\n\t<label for=\"field_kkuns\" id=\"field_kkuns_label\" class=\"frm_primary_label\">Correo electr\u00f3nico\r\n\t\t<span class=\"frm_required\" aria-hidden=\"true\">*<\/span>\r\n\t<\/label>\r\n\t<input type=\"email\" id=\"field_kkuns\" name=\"item_meta[11]\" value=\"\" autocomplete=\"email\" data-reqmsg=\"Correo electr\u00f3nico no puede estar en blanco.\" aria-required=\"true\" data-invmsg=\"Correo electr\u00f3nico no es v\u00e1lido\" aria-invalid=\"false\"   aria-describedby=\"frm_desc_field_kkuns\"\/>\r\n\t<div class=\"frm_description\" id=\"frm_desc_field_kkuns\">Ejemplo: ejemplo@gmail.com<\/div>\r\n\t\r\n<\/div>\n<div id=\"frm_field_13_container\" class=\"frm_form_field form-field  frm_required_field frm_top_container frm6\">\r\n\t<label for=\"field_jmzj\" id=\"field_jmzj_label\" class=\"frm_primary_label\">Tel\u00e9fono WhatsApp \r\n\t\t<span class=\"frm_required\" aria-hidden=\"true\">*<\/span>\r\n\t<\/label>\r\n\t<input type=\"tel\" id=\"field_jmzj\" name=\"item_meta[13]\" value=\"\"  data-frmmask=\"9999999999\" data-reqmsg=\"Tel\u00e9fono WhatsApp  no puede estar en blanco.\" aria-required=\"true\" data-invmsg=\"Tel\u00e9fono WhatsApp  no es v\u00e1lido\" aria-invalid=\"false\" pattern=\"\\d\\d\\d\\d\\d\\d\\d\\d\\d\\d$\"   aria-describedby=\"frm_desc_field_jmzj\"\/>\r\n\t<div class=\"frm_description\" id=\"frm_desc_field_jmzj\">Ejemplo: 3755123456<\/div>\r\n\t\r\n<\/div>\n<div id=\"frm_field_21_container\" class=\"frm_form_field form-field  frm_required_field frm_top_container frm12 frm_first\">\r\n\t<label for=\"field_s0szk\" id=\"field_s0szk_label\" class=\"frm_primary_label\">Cre\u00e1 tu Contrase\u00f1a \r\n\t\t<span class=\"frm_required\" aria-hidden=\"true\">*<\/span>\r\n\t<\/label>\r\n\t<span class=\"frm_show_password_wrapper\"><input type=\"password\" id=\"field_s0szk\" name=\"item_meta[21]\" value=\"\"  data-reqmsg=\"Cre\u00e1 tu Contrase\u00f1a  no puede estar en blanco.\" aria-required=\"true\" data-invmsg=\"Las contrase\u00f1as deben contener al menos un car\u00e1cter especial\" class=\"frm_strong_pass frm_strength_meter\" aria-invalid=\"false\"   aria-describedby=\"frm_desc_field_s0szk\"\/><button type=\"button\" class=\"frm_show_password_btn\" title=\"Mostrar la contrase\u00f1a\" aria-label=\"Mostrar la contrase\u00f1a\" data-hide-password-label=\"Oculta la contrase\u00f1a\"><svg  viewBox=\"0 0 24 24\" class=\"frmsvg\">\n\t<title>eye_icon<\/title>\n\t<path fill=\"currentColor\" fill-rule=\"evenodd\" d=\"M6.3 15.6A17.9 17.9 0 0 1 3.2 12a18 18 0 0 1 3.1-3.6C7.9 7.1 9.8 6 12 6s4.1 1 5.7 2.4c1.5 1.3 2.6 2.8 3.1 3.6a18 18 0 0 1-3.1 3.6C16.1 16.9 14.2 18 12 18s-4.1-1-5.7-2.4ZM12 4a11 11 0 0 0-7 2.9c-1.8 1.5-3 3.2-3.5 4a1.9 1.9 0 0 0 0 2.1c.5.9 1.7 2.6 3.5 4 1.8 1.6 4.2 3 7 3a11 11 0 0 0 7-2.9c1.8-1.5 3-3.2 3.5-4a2 2 0 0 0 0-2.1A19.9 19.9 0 0 0 19 7c-1.8-1.6-4.2-3-7-3Zm-2 8a2 2 0 1 1 4 0 2 2 0 0 1-4 0Zm2-4a4 4 0 1 0 0 8 4 4 0 0 0 0-8Z\" clip-rule=\"evenodd\"\/>\n\n<\/svg><svg  viewBox=\"0 0 24 24\" class=\"frmsvg\">\n\t<title>eye_slash_icon<\/title>\n\t<path fill=\"currentColor\" fill-rule=\"evenodd\" d=\"M19.7 5.7a1 1 0 0 0-1.4-1.4L14 8.6A4 4 0 0 0 8.6 14l-4.3 4.3a1 1 0 1 0 1.4 1.4l4.3-4.2a4 4 0 0 0 5.5-5.5l4.2-4.3Zm-7.2 4.4a2 2 0 0 0-2.4 2.4l2.4-2.4Zm-1 3.8 2.4-2.4a2 2 0 0 1-2.4 2.4Zm4.3-9A9.3 9.3 0 0 0 12 4a11 11 0 0 0-7 2.9c-1.8 1.5-3 3.2-3.5 4a1.9 1.9 0 0 0 0 2.1c.4.7 1.4 2 2.7 3.4L5.6 15a18.3 18.3 0 0 1-2.4-3 18 18 0 0 1 3.1-3.6A9 9 0 0 1 12 6c.8 0 1.5.1 2.2.4l1.6-1.6ZM12 18c-.8 0-1.5-.1-2.2-.4l-1.6 1.6c1.2.5 2.4.8 3.8.8a11 11 0 0 0 7-2.9c1.8-1.5 3-3.2 3.5-4a2 2 0 0 0 0-2.1 20.3 20.3 0 0 0-2.7-3.4L18.4 9a18.3 18.3 0 0 1 2.4 3 18 18 0 0 1-3.1 3.6A9 9 0 0 1 12 18Z\" clip-rule=\"evenodd\"\/>\n\n<\/svg><\/button><\/span><div id=\"frm_password_strength_21\" class=\"frm-password-strength\"><span id=\"frm-pass-eight-char-21\" class=\"frm-pass-req\"><svg  viewBox=\"0 0 20 20\" class=\"frmsvg frm_cancel1_icon failed_svg\">\n\t<title>cancel1<\/title>\n\t<path d=\"M10 0a10 10 0 1 0 0 20 10 10 0 0 0 0-20zm0 18a8 8 0 1 1 0-16 8 8 0 0 1 0 16zm3.6-13L10 8.6 6.4 5 5 6.4 8.6 10 5 13.6 6.4 15l3.6-3.6 3.6 3.6 1.4-1.4-3.6-3.6L15 6.4z\"><\/path>\n<\/svg><svg  viewBox=\"0 0 20 20\" class=\"frmsvg frm_check1_icon passed_svg\">\n\t<title>check1<\/title>\n\t<path d=\"M10 .3a9.7 9.7 0 1 0 0 19.4A9.7 9.7 0 0 0 10 .3zm0 1.9a7.8 7.8 0 1 1 0 15.6 7.8 7.8 0 0 1 0-15.6zm5.5 5l-.9-.8a.5.5 0 0 0-.7 0l-5.5 5.5-2.3-2.4a.5.5 0 0 0-.7 0l-.9.9c-.2.2-.2.5 0 .6l3.6 3.6c.2.2.4.2.6 0L15.5 8c.2-.1.2-.4 0-.6z\"><\/path>\n<\/svg>M\u00ednimo 8 caracteres<\/span>\r\n<span id=\"frm-pass-lowercase-21\" class=\"frm-pass-req\"><svg  viewBox=\"0 0 20 20\" class=\"frmsvg frm_cancel1_icon failed_svg\">\n\t<title>cancel1<\/title>\n\t<path d=\"M10 0a10 10 0 1 0 0 20 10 10 0 0 0 0-20zm0 18a8 8 0 1 1 0-16 8 8 0 0 1 0 16zm3.6-13L10 8.6 6.4 5 5 6.4 8.6 10 5 13.6 6.4 15l3.6-3.6 3.6 3.6 1.4-1.4-3.6-3.6L15 6.4z\"><\/path>\n<\/svg><svg  viewBox=\"0 0 20 20\" class=\"frmsvg frm_check1_icon passed_svg\">\n\t<title>check1<\/title>\n\t<path d=\"M10 .3a9.7 9.7 0 1 0 0 19.4A9.7 9.7 0 0 0 10 .3zm0 1.9a7.8 7.8 0 1 1 0 15.6 7.8 7.8 0 0 1 0-15.6zm5.5 5l-.9-.8a.5.5 0 0 0-.7 0l-5.5 5.5-2.3-2.4a.5.5 0 0 0-.7 0l-.9.9c-.2.2-.2.5 0 .6l3.6 3.6c.2.2.4.2.6 0L15.5 8c.2-.1.2-.4 0-.6z\"><\/path>\n<\/svg>1 letra min\u00fascula<\/span>\r\n<span id=\"frm-pass-uppercase-21\" class=\"frm-pass-req\"><svg  viewBox=\"0 0 20 20\" class=\"frmsvg frm_cancel1_icon failed_svg\">\n\t<title>cancel1<\/title>\n\t<path d=\"M10 0a10 10 0 1 0 0 20 10 10 0 0 0 0-20zm0 18a8 8 0 1 1 0-16 8 8 0 0 1 0 16zm3.6-13L10 8.6 6.4 5 5 6.4 8.6 10 5 13.6 6.4 15l3.6-3.6 3.6 3.6 1.4-1.4-3.6-3.6L15 6.4z\"><\/path>\n<\/svg><svg  viewBox=\"0 0 20 20\" class=\"frmsvg frm_check1_icon passed_svg\">\n\t<title>check1<\/title>\n\t<path d=\"M10 .3a9.7 9.7 0 1 0 0 19.4A9.7 9.7 0 0 0 10 .3zm0 1.9a7.8 7.8 0 1 1 0 15.6 7.8 7.8 0 0 1 0-15.6zm5.5 5l-.9-.8a.5.5 0 0 0-.7 0l-5.5 5.5-2.3-2.4a.5.5 0 0 0-.7 0l-.9.9c-.2.2-.2.5 0 .6l3.6 3.6c.2.2.4.2.6 0L15.5 8c.2-.1.2-.4 0-.6z\"><\/path>\n<\/svg>1 letra may\u00fascula<\/span>\r\n<span id=\"frm-pass-number-21\" class=\"frm-pass-req\"><svg  viewBox=\"0 0 20 20\" class=\"frmsvg frm_cancel1_icon failed_svg\">\n\t<title>cancel1<\/title>\n\t<path d=\"M10 0a10 10 0 1 0 0 20 10 10 0 0 0 0-20zm0 18a8 8 0 1 1 0-16 8 8 0 0 1 0 16zm3.6-13L10 8.6 6.4 5 5 6.4 8.6 10 5 13.6 6.4 15l3.6-3.6 3.6 3.6 1.4-1.4-3.6-3.6L15 6.4z\"><\/path>\n<\/svg><svg  viewBox=\"0 0 20 20\" class=\"frmsvg frm_check1_icon passed_svg\">\n\t<title>check1<\/title>\n\t<path d=\"M10 .3a9.7 9.7 0 1 0 0 19.4A9.7 9.7 0 0 0 10 .3zm0 1.9a7.8 7.8 0 1 1 0 15.6 7.8 7.8 0 0 1 0-15.6zm5.5 5l-.9-.8a.5.5 0 0 0-.7 0l-5.5 5.5-2.3-2.4a.5.5 0 0 0-.7 0l-.9.9c-.2.2-.2.5 0 .6l3.6 3.6c.2.2.4.2.6 0L15.5 8c.2-.1.2-.4 0-.6z\"><\/path>\n<\/svg>1 n\u00famero<\/span>\r\n<span id=\"frm-pass-special-char-21\" class=\"frm-pass-req\"><svg  viewBox=\"0 0 20 20\" class=\"frmsvg frm_cancel1_icon failed_svg\">\n\t<title>cancel1<\/title>\n\t<path d=\"M10 0a10 10 0 1 0 0 20 10 10 0 0 0 0-20zm0 18a8 8 0 1 1 0-16 8 8 0 0 1 0 16zm3.6-13L10 8.6 6.4 5 5 6.4 8.6 10 5 13.6 6.4 15l3.6-3.6 3.6 3.6 1.4-1.4-3.6-3.6L15 6.4z\"><\/path>\n<\/svg><svg  viewBox=\"0 0 20 20\" class=\"frmsvg frm_check1_icon passed_svg\">\n\t<title>check1<\/title>\n\t<path d=\"M10 .3a9.7 9.7 0 1 0 0 19.4A9.7 9.7 0 0 0 10 .3zm0 1.9a7.8 7.8 0 1 1 0 15.6 7.8 7.8 0 0 1 0-15.6zm5.5 5l-.9-.8a.5.5 0 0 0-.7 0l-5.5 5.5-2.3-2.4a.5.5 0 0 0-.7 0l-.9.9c-.2.2-.2.5 0 .6l3.6 3.6c.2.2.4.2.6 0L15.5 8c.2-.1.2-.4 0-.6z\"><\/path>\n<\/svg>1 caracter especial<\/span>\r\n<\/div>\r\n\t<div class=\"frm_description\" id=\"frm_desc_field_s0szk\">(Agreg\u00e1 tu Contrase\u00f1a 2 veces para Autogesti\u00f3n.)<\/div>\r\n\t\r\n<\/div>\n<div id=\"frm_field_conf_21_container\" class=\"frm_form_field frm_hidden_container frm_conf_field form-field  frm_required_field frm_top_container frm12 \">\r\n\t<label for=\"field_conf_s0szk\" id=\"field_conf_s0szk_label\" class=\"frm_conf_label frm_primary_label\">Confirmar Cre\u00e1 tu Contrase\u00f1a \r\n\t\t<span class=\"frm_required\" aria-hidden=\"true\">*<\/span>\r\n\t<\/label>\r\n\t<span class=\"frm_show_password_wrapper\"><input type=\"password\" id=\"field_conf_s0szk\" name=\"item_meta[conf_21]\" value=\"\"  data-reqmsg=\"Confirmar Cre\u00e1 tu Contrase\u00f1a  no puede estar en blanco.\" aria-required=\"true\" data-confmsg=\"Los valores introducidos no coinciden\" data-invmsg=\"Las contrase\u00f1as deben contener al menos un car\u00e1cter especial\" class=\"frm_strong_pass frm_strength_meter\" aria-invalid=\"false\"  \/><button type=\"button\" class=\"frm_show_password_btn\" title=\"Mostrar la contrase\u00f1a\" aria-label=\"Mostrar la contrase\u00f1a\" data-hide-password-label=\"Oculta la contrase\u00f1a\"><svg  viewBox=\"0 0 24 24\" class=\"frmsvg\">\n\t<title>eye_icon<\/title>\n\t<path fill=\"currentColor\" fill-rule=\"evenodd\" d=\"M6.3 15.6A17.9 17.9 0 0 1 3.2 12a18 18 0 0 1 3.1-3.6C7.9 7.1 9.8 6 12 6s4.1 1 5.7 2.4c1.5 1.3 2.6 2.8 3.1 3.6a18 18 0 0 1-3.1 3.6C16.1 16.9 14.2 18 12 18s-4.1-1-5.7-2.4ZM12 4a11 11 0 0 0-7 2.9c-1.8 1.5-3 3.2-3.5 4a1.9 1.9 0 0 0 0 2.1c.5.9 1.7 2.6 3.5 4 1.8 1.6 4.2 3 7 3a11 11 0 0 0 7-2.9c1.8-1.5 3-3.2 3.5-4a2 2 0 0 0 0-2.1A19.9 19.9 0 0 0 19 7c-1.8-1.6-4.2-3-7-3Zm-2 8a2 2 0 1 1 4 0 2 2 0 0 1-4 0Zm2-4a4 4 0 1 0 0 8 4 4 0 0 0 0-8Z\" clip-rule=\"evenodd\"\/>\n\n<\/svg><svg  viewBox=\"0 0 24 24\" class=\"frmsvg\">\n\t<title>eye_slash_icon<\/title>\n\t<path fill=\"currentColor\" fill-rule=\"evenodd\" d=\"M19.7 5.7a1 1 0 0 0-1.4-1.4L14 8.6A4 4 0 0 0 8.6 14l-4.3 4.3a1 1 0 1 0 1.4 1.4l4.3-4.2a4 4 0 0 0 5.5-5.5l4.2-4.3Zm-7.2 4.4a2 2 0 0 0-2.4 2.4l2.4-2.4Zm-1 3.8 2.4-2.4a2 2 0 0 1-2.4 2.4Zm4.3-9A9.3 9.3 0 0 0 12 4a11 11 0 0 0-7 2.9c-1.8 1.5-3 3.2-3.5 4a1.9 1.9 0 0 0 0 2.1c.4.7 1.4 2 2.7 3.4L5.6 15a18.3 18.3 0 0 1-2.4-3 18 18 0 0 1 3.1-3.6A9 9 0 0 1 12 6c.8 0 1.5.1 2.2.4l1.6-1.6ZM12 18c-.8 0-1.5-.1-2.2-.4l-1.6 1.6c1.2.5 2.4.8 3.8.8a11 11 0 0 0 7-2.9c1.8-1.5 3-3.2 3.5-4a2 2 0 0 0 0-2.1 20.3 20.3 0 0 0-2.7-3.4L18.4 9a18.3 18.3 0 0 1 2.4 3 18 18 0 0 1-3.1 3.6A9 9 0 0 1 12 18Z\" clip-rule=\"evenodd\"\/>\n\n<\/svg><\/button><\/span>\r\n\t\r\n\t\r\n<\/div>\n<div id=\"frm_field_6_container\" class=\"frm_form_field form-field  frm_fourth\">\r\n\t<div class=\"frm_submit frm_flex\">\r\n<button class=\"frm_button_submit frm_final_submit\" type=\"submit\"   formnovalidate=\"formnovalidate\">Enviar<\/button>\r\n\r\n\r\n\r\n<\/div>\r\n<\/div>\n\t<input type=\"hidden\" name=\"item_key\" value=\"\" \/>\n\t\t\t\t<div class=\"frm__66ab7fcf6afab\">\n\t\t\t\t<label for=\"frm_email_2\" >\n\t\t\t\t\tSi eres humano, deja este campo en blanco.\t\t\t\t<\/label>\n\t\t\t\t<input  id=\"frm_email_2\" type=\"email\" class=\"frm_verify\" name=\"frm__66ab7fcf6afab\" value=\"\"  \/>\n\t\t\t<\/div>\n\t\t<input name=\"frm_state\" type=\"hidden\" value=\"sbe89CZ4l56y8\/TJmK1M30yfLjpxVr9Gqu9HBKengUM=\" \/><\/div>\n<\/fieldset>\n<\/div>\n<\/form>\n<\/div>\n<\/div>\n<!-- \/wp:formidable\/simple-form --><\/div>\n<!-- \/wp:group -->\t\t\t\t\t\t<\/div>\n\t\t\t\t<\/div>\n\t\t\t\t\t<\/div>\n\t\t\t\t<\/div>\n\t\t\t\t<\/div>\n\t\t","protected":false},"excerpt":{"rendered":"<p>Por favor, recuerde que para completar o actualizar los datos en este formulario, es necesario tener la factura de su servicio a mano.<\/p>\n","protected":false},"author":1,"featured_media":0,"parent":0,"menu_order":0,"comment_status":"closed","ping_status":"closed","template":"","meta":{"footnotes":""},"class_list":["post-13","page","type-page","status-publish","hentry"],"_links":{"self":[{"href":"https:\/\/m.cainguasdigital.com.ar\/autogestion\/wp-json\/wp\/v2\/pages\/13"}],"collection":[{"href":"https:\/\/m.cainguasdigital.com.ar\/autogestion\/wp-json\/wp\/v2\/pages"}],"about":[{"href":"https:\/\/m.cainguasdigital.com.ar\/autogestion\/wp-json\/wp\/v2\/types\/page"}],"author":[{"embeddable":true,"href":"https:\/\/m.cainguasdigital.com.ar\/autogestion\/wp-json\/wp\/v2\/users\/1"}],"replies":[{"embeddable":true,"href":"https:\/\/m.cainguasdigital.com.ar\/autogestion\/wp-json\/wp\/v2\/comments?post=13"}],"version-history":[{"count":27,"href":"https:\/\/m.cainguasdigital.com.ar\/autogestion\/wp-json\/wp\/v2\/pages\/13\/revisions"}],"predecessor-version":[{"id":99,"href":"https:\/\/m.cainguasdigital.com.ar\/autogestion\/wp-json\/wp\/v2\/pages\/13\/revisions\/99"}],"wp:attachment":[{"href":"https:\/\/m.cainguasdigital.com.ar\/autogestion\/wp-json\/wp\/v2\/media?parent=13"}],"curies":[{"name":"wp","href":"https:\/\/api.w.org\/{rel}","templated":true}]}}